t are the prime factors of 470699?
29, 16231
List the prime factors of 14065313.
71, 397, 499
What are the prime factors of 3660958?
2, 7, 19, 13763
List the prime factors of 863020.
2, 5, 43151
What are the prime factors of 4941041?
7, 705863
What are the prime factors of 600741?
3, 66749
List the prime factors of 3879940.
2, 5, 419, 463
List the prime factors of 309335.
5, 13, 4759
What are the prime factors of 6893417?
6893417
List the prime factors of 1202105.
5, 240421
What are the prime factors of 14117071?
3539, 3989
List the prime factors of 4790816.
2, 149713
What are the prime factors of 2520446?
2, 1260223
List the prime factors of 18324409.
167, 179, 613
List the prime factors of 1178131.
1178131
List the prime factors of 1384332.
2, 3, 115361
List the prime factors of 5041312.
2, 257, 613
List the prime factors of 27553876.
2, 7, 19, 151
What are the prime factors of 72097?
17, 4241
What are the prime factors of 559431?
3, 61, 1019
List the prime factors of 11847654.
2, 3, 7, 13, 2411
List the prime factors of 2052641.
811, 2531
What are the prime factors of 335974?
2, 167987
What are the prime factors of 925368?
2, 3, 38557
What are the prime factors of 6890852?
2, 1722713
List the prime factors of 645098.
2, 322549
List the prime factors of 217272.
2, 3, 11, 823
What are the prime factors of 12346131?
3, 7, 17, 34583
List the prime factors of 252299.
157, 1607
What are the prime factors of 9344944?
2, 7, 83437
What are the prime factors of 822520?
2, 5, 20563
List the prime factors of 49250.
2, 5, 197
List the prime factors of 675287.
37, 18251
What are the prime factors of 38224216?
2, 4778027
List the prime factors of 50653.
37
List the prime factors of 1673489.
1673489
What are the prime factors of 259968?
2, 3, 677
What are the prime factors of 917405?
5, 17, 43, 251
List the prime factors of 5360680.
2, 5, 13, 61
List the prime factors of 46943.
13, 23, 157
What are the prime factors of 46295?
5, 47, 197
List the prime factors of 1409702.
2, 7, 100693
What are the prime factors of 858718?
2, 7, 83, 739
List the prime factors of 7655243.
1213, 6311
What are the prime factors of 2079183?
3, 693061
What are the prime factors of 286991?
193, 1487
List the prime factors of 20431530.
2, 3, 5, 7, 41, 113
List the prime factors of 601123.
257, 2339
List the prime factors of 352068.
2, 3, 29339
List the prime factors of 4117445.
5, 823489
What are the prime factors of 385862?
2, 192931
What are the prime factors of 538511?
538511
What are the prime factors of 1039472?
2, 7, 9281
What are the prime factors of 1275424?
2, 39857
What are the prime factors of 140559?
3, 46853
What are the prime factors of 705705?
3, 5, 7, 11, 13, 47
List the prime factors of 4594966.
2, 2297483
List the prime factors of 26576.
2, 11, 151
What are the prime factors of 1266398?
2, 7, 17, 313
What are the prime factors of 28339456?
2, 31, 3571
List the prime factors of 387466.
2, 151, 1283
List the prime factors of 4594597.
7, 656371
List the prime factors of 32959830.
2, 3, 5, 859, 1279
List the prime factors of 1713577.
251, 6827
What are the prime factors of 3001867?
11, 19, 53, 271
What are the prime factors of 888689?
888689
List the prime factors of 200173.
47, 4259
What are the prime factors of 16085922?
2, 3, 103, 26029
List the prime factors of 277846.
2, 138923
List the prime factors of 524270.
2, 5, 103, 509
List the prime factors of 58668.
2, 3, 4889
List the prime factors of 19545658.
2, 11, 53, 16763
List the prime factors of 299641.
109, 2749
What are the prime factors of 1489280?
2, 5, 13, 179
What are the prime factors of 831212?
2, 19, 10937
What are the prime factors of 28051973?
23, 1219651
What are the prime factors of 730969?
730969
List the prime factors of 287984.
2, 41, 439
What are the prime factors of 412951?
7, 11, 31, 173
List the prime factors of 220905.
3, 5, 4909
List the prime factors of 225803.
349, 647
List the prime factors of 435057.
3, 7, 20717
What are the prime factors of 105541?
105541
What are the prime factors of 645816?
2, 3, 71, 379
What are the prime factors of 4018051?
337, 11923
List the prime factors of 121758.
2, 3, 7, 13, 223
List the prime factors of 28296148.
2, 163, 43399
What are the prime factors of 779072?
2, 7, 37, 47
What are the prime factors of 93480?
2, 3, 5, 19, 41
List the prime factors of 2946165.
3, 5, 59, 3329
List the prime factors of 364640.
2, 5, 43, 53
What are the prime factors of 743911?
7, 106273
List the prime factors of 1545055.
5, 309011
List the prime factors of 38978.
2, 19489
What are the prime factors of 164088?
2, 3, 43, 53
What are the prime factors of 238189?
7, 4861
What are the prime factors of 3628597?
7, 71, 149
List the prime factors of 353471.
353471
List the prime factors of 1518383.
1518383
List the prime factors of 88637.
151, 587
List the prime factors of 65488.
2, 4093
What are the prime factors of 130523?
130523
What are the prime factors of 5773060?
2, 5, 288653
List the prime factors of 1588554.
2, 3, 11, 71, 113
What are the prime factors of 79688?
2, 7, 1423
List the prime factors of 8663261.
8663261
List the prime factors of 3218986.
2, 1609493
What are the prime factors of 14743499?
14743499
What are the prime factors of 295826?
2, 23, 59, 109
List the prime factors of 10666076.
2, 2666519
List the prime factors of 1199556.
2, 3, 29, 383
List the prime factors of 14864378.
2, 853, 8713
List the prime factors of 17204.
2, 11, 17, 23
What are the prime factors of 26009058?
2, 3, 61, 179, 397
What are the prime factors of 43999?
23, 1913
What are the prime factors of 1761972?
2, 3, 359, 409
What are the prime factors of 495201?
3, 7, 23581
What are the prime factors of 182224?
2, 7, 1627
List the prime factors of 1561209.
3, 13, 40031
List the prime factors of 5908725.
3, 5, 26261
List the prime factors of 3204605.
5, 181, 3541
List the prime factors of 23484691.
23484691
What are the prime factors of 360495?
3, 5, 8011
What are the prime factors of 162019?
11, 13, 103
What are the prime factors of 1849690?
2, 5, 184969
What are the prime factors of 123159?
3, 61, 673
List the prime factors of 294797.
17, 17341
List the prime factors of 1199358.
2, 3, 23, 2897
What are the prime factors of 295780?
2, 5, 23, 643
What are the prime factors of 505877?
505877
What are the prime factors of 6877703?
7, 239, 4111
What are the prime factors of 139770?
2, 3, 5, 1553
List the prime factors of 235011.
3, 7, 19, 31
List the prime factors of 3130792.
2, 7, 37, 1511
What are the prime factors of 1619747?
1619747
List the prime factors of 36194468.
2, 19, 476243
What are the prime factors of 588585?
3, 5, 39239
List the prime factors of 2318691.
3, 757, 1021
List the prime factors of 506114.
2, 7, 36151
What are the prime factors of 176263?
19, 9277
What are the prime factors of 1298346?
2, 3, 7, 19, 1627
What are the prime factors of 6623929?
13, 61, 8353
What are the prime factors of 5139195?
3, 5, 59, 5807
What are the prime factors of 449286?
2, 3, 103, 727
What are the prime factors of 132502?
2, 97, 683
What are the prime factors of 2656966?
2, 13, 102191
List the prime factors of 3072558.
2, 3, 512093
List the prime factors of 794695.
5, 11, 14449
What are the prime factors of 6816877?
19, 358783
What are the prime factors of 139138?
2, 73, 953
What are the prime factors of 331112?
2, 41389
What are the prime factors of 3655038?
2, 3, 609173
What are the prime factors of 23245704?
2, 3, 29, 1237
What are the prime factors of 10909864?
2, 7, 194819
What are the prime factors of 3842100?
2, 3, 5, 1423
What are the prime factors of 417259?
19, 21961
List the prime factors of 1826343.
3, 307, 661
What are the prime factors of 273811?
101, 2711
What are the prime factors of 227242?
2, 113621
What are the prime factors of 6226814?
2, 11, 383, 739
List the prime factors of 27855942.
2, 3, 4642657
What are the prime factors of 14383052?
2, 151, 23813
List the prime factors of 2213545.
5, 53, 8353
List the prime factors of 277597.
277597
List the prime factors of 4289173.
7, 47, 13037
What are the prime factors of 4138755?
3, 5, 275917
List the prime factors of 246688.
2, 13, 593
What are the prime factors of 35023?
35023
What are the prime factors of 214721?
13, 83, 199